
Is 1816471 composite?
True
Is 21312149 composite?
False
Is 1712443 a composite number?
True
Is 49291958 composite?
True
Is 14729501 a composite number?
False
Is 2079431 a prime number?
False
Is 8508323 a composite number?
False
Is 28293181 a prime number?
False
Is 171602003 prime?
True
Is 460909 a composite number?
True
Is 25808261 a prime number?
False
Is 3336089 composite?
False
Is 534505703 a composite number?
False
Is 67230673 a prime number?
True
Is 139463 composite?
True
Is 9484157 a prime number?
True
Is 1691509 prime?
False
Is 5973299 a prime number?
False
Is 33010745 composite?
True
Is 1230083 a prime number?
False
Is 2610863 composite?
True
Is 23309521 prime?
False
Is 19743047 composite?
False
Is 6213601 prime?
True
Is 1129286 a composite number?
True
Is 9628579 composite?
True
Is 149953186 prime?
False
Is 1222003 a prime number?
True
Is 124524733 a composite number?
False
Is 1591363 a prime number?
True
Is 7311157 a prime number?
False
Is 100675571 prime?
True
Is 3242623 a prime number?
True
Is 163393 a composite number?
False
Is 90611317 prime?
True
Is 1485723 composite?
True
Is 17149477 a prime number?
True
Is 347510959 a prime number?
True
Is 641197 a composite number?
False
Is 1917691 a composite number?
True
Is 2762251 a prime number?
True
Is 1770046 a composite number?
True
Is 12701279 a prime number?
False
Is 3286691 a prime number?
True
Is 22305221 a prime number?
False
Is 2252303 composite?
True
Is 3209387 a composite number?
False
Is 2073601 a composite number?
False
Is 18335723 composite?
True
Is 531263897 a composite number?
False
Is 46336777 prime?
True
Is 3256873 composite?
True
Is 99481001 prime?
True
Is 366527473 composite?
True
Is 261599 prime?
False
Is 102182305 composite?
True
Is 1410623 prime?
True
Is 80251217 composite?
False
Is 9783551 prime?
False
Is 135894046 composite?
True
Is 21044911 a prime number?
True
Is 346415185 a prime number?
False
Is 386963 a composite number?
False
Is 569413 prime?
False
Is 6775829 a composite number?
False
Is 397202051 composite?
True
Is 312186733 prime?
False
Is 47892083 a composite number?
False
Is 13798858 a prime number?
False
Is 1902517 prime?
True
Is 509472451 a composite number?
True
Is 3671207 prime?
False
Is 3252323 composite?
True
Is 16719947 a composite number?
False
Is 4255463 a prime number?
False
Is 2870377 composite?
True
Is 1119594863 composite?
True
Is 17443061 prime?
True
Is 155311121 a composite number?
True
Is 11297281 prime?
True
Is 17038649 a composite number?
True
Is 19933457 a prime number?
True
Is 3668563 a prime number?
True
Is 14922121 composite?
False
Is 503227 composite?
False
Is 290566 a composite number?
True
Is 5827235 a composite number?
True
Is 1586339 a prime number?
True
Is 360588853 a composite number?
True
Is 53132663 prime?
True
Is 7200659 composite?
False
Is 37387993 composite?
False
Is 36597403 a prime number?
False
Is 229669963 prime?
True
Is 1977134387 prime?
True
Is 1466819 prime?
False
Is 135335 prime?
False
Is 5880993 a composite number?
True
Is 632829 a composite number?
True
Is 16373167 a composite number?
False
Is 1248721 composite?
False
Is 10011829 composite?
True
Is 2856773 prime?
True
Is 4785769 a composite number?
False
Is 23466587 a prime number?
True
Is 991 prime?
True
Is 53317451 prime?
False
Is 3886417 a prime number?
True
Is 19288411 prime?
False
Is 62383313 composite?
True
Is 341929 prime?
False
Is 260633827 composite?
False
Is 1977403 a composite number?
False
Is 29080235 prime?
False
Is 82919939 prime?
False
Is 253535 a composite number?
True
Is 2811803 prime?
True
Is 1168957 a prime number?
True
Is 14160469 prime?
True
Is 346071233 a composite number?
False
Is 6253937 prime?
False
Is 860689 a prime number?
True
Is 44043943 prime?
True
Is 1843239 a composite number?
True
Is 29751263 a composite number?
False
Is 3796469 composite?
False
Is 5050858 prime?
False
Is 25335601 prime?
True
Is 6724217 composite?
True
Is 714641 a prime number?
False
Is 70906519 prime?
True
Is 365157269 composite?
True
Is 7210943 composite?
False
Is 939487 a composite number?
False
Is 30554291 composite?
False
Is 6338557 a prime number?
False
Is 140775493 a composite number?
False
Is 11376569 prime?
True
Is 5723521 a prime number?
False
Is 80723099 composite?
True
Is 32302339 a prime number?
False
Is 2503253 a composite number?
False
Is 7761587 composite?
True
Is 4977871 a composite number?
False
Is 9201391 composite?
False
Is 11500523 prime?
False
Is 16368629 composite?
True
Is 1884731 a prime number?
True
Is 3437477 a composite number?
False
Is 20621701 composite?
True
Is 3887618569 composite?
False
Is 6090737 a composite number?
False
Is 112095913 prime?
True
Is 227241947 a composite number?
False
Is 1777907 a prime number?
True
Is 2818103 a prime number?
True
Is 19399307 prime?
True
Is 5953997 prime?
False
Is 624317 a prime number?
False
Is 111418403 composite?
False
Is 24656899 prime?
True
Is 27793231 a composite number?
False
Is 1542571 a prime number?
True
Is 11340941 prime?
True
Is 17493317 composite?
True
Is 9889163 a composite number?
True
Is 6564981 a prime number?
False
Is 5976121 a composite number?
True
Is 3283771 a composite number?
True
Is 1865453 a prime number?
True
Is 189775241 a prime number?
True
Is 147044657 prime?
True
Is 3985663 a composite number?
True
Is 7986101 a composite number?
True
Is 49473611 a prime number?
False
Is 75732443 a prime number?
True
Is 30573695 composite?
True
Is 111859257 a prime number?
False
Is 2494742 composite?
True
Is 536593 composite?
False
Is 56190401 composite?
False
Is 2982059 a prime number?
True
Is 7415069 composite?
True
Is 283055329 composite?
True
Is 30327805 prime?
False
Is 15769883 a composite number?
True
Is 1197389 composite?
False
Is 36902141 composite?
False
Is 15267134 a composite number?
True
Is 7239829 a prime number?
False
Is 188950007 composite?
False
Is 489941 a prime number?
True
Is 472259435 a prime number?
False
Is 150745471 composite?
False
Is 1425673 a prime number?
False
Is 20108917 composite?
False
Is 36049253 prime?
True
Is 1334717 prime?
True
Is 437321 a prime number?
True
Is 48574369 a prime number?
False
Is 1504439 prime?
False
Is 22063163 composite?
True
Is 2550923 composite?
True
Is 163434373 a prime number?
False
Is 96635533 prime?
False
Is 14376277 a composite number?
False
Is 106321393 composite?
False
Is 58437937 composite?
False
Is 681419 composite?
False
Is 3960383 prime?
False
Is 5377289 a composite number?
False
Is 7383031 a composite number?
False
Is 223925921 a prime number?
False
Is 16713355 prime?
False
Is 130206691 a prime number?
False
Is 86524891 a prime number?
False
Is 2668891 a prime number?
False
Is 49129979 a prime number?
True
Is 1942989 a composite number?
True
Is 23849653 a composite number?
False
Is 6423209 a composite number?
True
Is 44151449 a composite number?
False
Is 13091293 composite?
True
Is 28014893 a prime number?
True
Is 4067363 a composite number?
False
Is 93198229 a composite number?
True
Is 125922581 prime?
False
Is 51048161 a prime number?
False
Is 48978647 a composite number?
False
Is 958721 a composite number?
True
Is 2786741 a composite number?
False
Is 1788067 a composite number?
False
Is 793771 prime?
False
Is 72202381 a composite number?
False
Is 764969 a composite number?
False
Is 19815877 a composite number?
False
Is 27875711 prime?
False
Is 1981513 prime?
True
Is 7425857 a composite number?
False
Is 6023029 a prime number?
True
Is 251534377 composite?
False
Is 115831 composite?
False
Is 8695681 composite?
False
Is 18772031 prime?
True
Is 5639809 a composite number?
True
Is 22155295 a prime number?
False
Is 287561 prime?
False
Is 24489203 composite?
False
Is 1838791 a composite number?
False
Is 20900413 prime?
True
Is 12238021 a prime number?
False
Is 439289 composite?
False
Is 550007 composite?
False
Is 34085593 a prime number?
False
Is 15283159 a composite number?
False
Is 17961409 prime?
True
Is 230937601 a prime number?
False
Is 5229533 composite?
True
Is 2842165 prime?
False
Is 530838221 prime?
True
Is 10819427 a prime number?
True
Is 4168631 composite?
True
Is 8544551 a prime number?
True
Is 4307287 a composite number?
False
Is 506491 prime?
True
Is 1957379 a composite number?
False
Is 24074733 a prime 